 is the greatest common factor of s and 184?
23
Let m = 229 - 154. Let u(p) = p**2 - 4*p + 3. Let i be u(6). Calculate the highest common factor of m and i.
15
Let h(g) = 5*g - 12. Let n be h(6). What is the greatest common divisor of n and 162?
18
Suppose 3*t = 7*t - 128. Suppose p - 5*p + 19 = -r, 3*p = -5*r - 3. Calculate the highest common factor of p and t.
4
Suppose d = 3*p + 2*d - 490, -5*p - 3*d = -810. What is the highest common divisor of p and 15?
15
Suppose 2*f - 3*x + 11 = f, 0 = 3*f + 5*x - 37. Calculate the greatest common divisor of f and 32.
4
Let l = 105 + -57. Suppose h + 3*h = 192. Suppose -2*y + h = -0*y. What is the greatest common divisor of l and y?
24
Let h(r) = r**3 - 12*r**2 - 11*r + 30. Let o be h(13). Calculate the greatest common factor of o and 14.
14
Let m = -19 - -7. Let x(i) = -i**3 - 12*i**2 - i + 13. Let k be x(m). Calculate the highest common divisor of k and 200.
25
Suppose -2*o - 8 = -6*o. Suppose 5*p + 2*r - 33 = 0, -1 + 15 = o*p + r. Calculate the highest common divisor of p and 10.
5
Suppose 1 - 4 = 3*c. Let h be c/(-5) + 178/10. Let q be (6/7)/(1/7). Calculate the highest common divisor of h and q.
6
Let s(a) = 21*a - 3. Let t be s(3). What is the highest common divisor of 20 and t?
20
Let s = -73 - -99. What is the highest common divisor of s and 234?
26
Let o(z) = 3*z**2 + 2*z - 17. Let j be o(5). Let h = -46 + j. Calculate the highest common divisor of h and 176.
22
Let k be (1 - -8)/(6 + -5). Let h = -59 + 82. Let v = -14 + h. What is the greatest common factor of k and v?
9
Suppose 5*v - c = 189, -205 = -v - 4*v + 5*c. Let j = v - -6. Suppose -3*i - 5*r = -7, -5*r = -3*i - r + j. What is the highest common divisor of i and 9?
9
Let y be 8/(-10)*(-15)/2. Let l be (-6)/(-9) + 14/y. Calculate the highest common factor of 27 and l.
3
Let q(k) = 6*k**2 - 8*k. Let t be q(6). Suppose -4*i = -0*i - t. What is the greatest common factor of i and 14?
14
Suppose 0 = 13*c - 2233 - 55. What is the greatest common factor of 16 and c?
16
Let v be 2 + 3*2 - 2. Suppose -2*z + v = z. Let p(o) = -o**3 - 10*o**2 - 9*o + 4. Let m be p(-9). What is the highest common factor of z and m?
2
Suppose 0 = 2*m - 5 - 27. Calculate the greatest common factor of 2 and m.
2
Let t = 49 + 32. Let s = 12 - 3. What is the highest common factor of t and s?
9
Let c be (0 - -2)/(-2) + 56. What is the greatest common divisor of c and 22?
11
Suppose -d + 3*p + 4 = 0, 2*p + 10 = -4*d + p. Let h be (12/15)/(d/(-40)). Let w be 436/h + 1/(-4). What is the greatest common factor of w and 18?
9
Let g = -158 + 177. Calculate the greatest common factor of 38 and g.
19
Let f(i) = 16*i + 4. Let y be f(2). Suppose 0 = -4*d + 24 + 24. What is the highest common factor of y and d?
12
Suppose 3*t + 4 + 107 = -4*i, -i + 5*t + 1 = 0. Let y be -3*i/9 - 2. Calculate the greatest common factor of 54 and y.
6
Let n = 37 - 16. What is the greatest common divisor of n and 3?
3
Let s be (1/(-2))/((-1)/6). Suppose 20 = 2*g + s*g. Suppose 5*v - 30 = -5*c, 2*c + 26 = 5*v - 18. What is the greatest common factor of g and v?
4
Let g(k) = 2*k**3 + 4*k**2 - 2. Let l be g(3). Suppose 5*o - 12 = -4*t, 5*t - 2*o = 19 + 29. What is the highest common divisor of l and t?
8
Suppose i + 55 = 5*m + 2*i, 0 = 2*m - 5*i + 5. Calculate the greatest common factor of 2 and m.
2
Let l be (-1 + -2 + -1)*-2. What is the greatest common divisor of 32 and l?
8
Suppose m + 4*v + 452 = 5*m, -5*m = 5*v - 515. Calculate the highest common factor of 12 and m.
12
Let a(n) = 3*n**2 + 12*n - 8. Let p be a(3). What is the greatest common factor of p and 5?
5
Suppose 29 + 23 = 4*q. Suppose 2*f + q = 33. Calculate the greatest common divisor of f and 40.
10
Suppose 5*c - 13 = 42. Calculate the highest common factor of c and 1.
1
Suppose 5*n + 9 - 84 = 0. Suppose -4*q + 25 = -l, 4*q + 5*l + 7 = 2. Suppose -q*b = -42 - 33. What is the highest common divisor of b and n?
15
Let t(p) = -2*p**2 - 5*p - 5. Let x be t(8). Let w be x/(-9) + 10/(-45). What is the greatest common factor of 57 and w?
19
Let c(l) = 2*l**2 + 7*l - 2. Let s be c(6). What is the greatest common factor of s and 14?
14
Let h be 2/3*720/(7 + -1). What is the highest common factor of 10 and h?
10
Suppose -3*n + 42 + 48 = 0. Suppose -3*b + s + 135 = 0, -b - 4*s + 38 = -7. Calculate the greatest common divisor of n and b.
15
Let n be ((-8)/6*3)/(-1). Suppose -25 = -n*s + 7. Calculate the highest common divisor of 64 and s.
8
Suppose 3*a - 20 = 10. What is the greatest common divisor of a and 50?
10
Let b(i) = 3*i**2 - 2*i - 3. Let l be b(-2). Suppose -2*c - r + 37 = l, -4*r = 0. Suppose 4*h - 73 = -25. What is the greatest common divisor of h and c?
12
Let u(x) = -5*x + 5. Let d be u(-5). Suppose -t + 30 = -0*t. Calculate the greatest common factor of d and t.
30
Let v = 160 - -16. Let g = -4 - -6. Let i be (-1)/g + 66/4. What is the highest common factor of v and i?
16
Suppose -2*t + 7 = 1. Suppose 16 = -4*h, -t*h = -5*k - 3 + 55. Calculate the highest common divisor of k and 88.
8
Suppose 5*g = 5*v + 65, 2*g - 3*v - 19 - 5 = 0. Calculate the greatest common factor of g and 165.
15
Let a = -630 - -894. What is the greatest common divisor of 24 and a?
24
Let n = -6 - -20. Suppose 4*y = -5*x + 36, -2*y + 5*x + 0 = 12. Suppose -y*u + 17 = -39. Calculate the highest common factor of n and u.
14
Suppose -5*m - 2 = -12. What is the greatest common factor of m and 6?
2
Let w be 4/6*(-45)/(-6). Let m be -15*(-5)/30*16. Calculate the highest common divisor of m and w.
5
Suppose -4*y = -20 - 32. Calculate the highest common divisor of 117 and y.
13
Let x(v) = -3*v**3 - 4*v**2 - 4*v - 2. Let n be x(-2). Let g be 95/2 + (-2)/4. Suppose -2*q + g = -23. Calculate the greatest common divisor of n and q.
7
Let l be ((-14)/(-8))/((-1)/(-4)). What is the highest common divisor of 56 and l?
7
Let s(w) = 5*w**2 - 18*w - 1. Let r be s(8). Calculate the greatest common factor of 35 and r.
35
Let x = 6 - -14. Let h be 0/(1 - (4 + -2)). Let b be -3 + 4 + h + 9. What is the highest common divisor of b and x?
10
Suppose 0 = -6*f + f + 45. What is the highest common factor of 18 and f?
9
Let q = 13 + -2. Suppose -5*d = 2*w - 442, 0 = 4*d + 3*w - 272 - 83. Suppose 0*x - x = -d. What is the highest common factor of x and q?
11
Let c = 10 + -14. Let h = -1 - c. What is the greatest common factor of h and 12?
3
Suppose -4*b + 0*b + 480 = 4*f, -3*f = 2*b - 244. What is the greatest common divisor of 174 and b?
58
Let j(o) = -o + 12. Let h be j(7). Calculate the highest common divisor of 20 and h.
5
Let w(m) = -m + 18. Let q be w(0). Let s = -12 + q. What is the greatest common factor of 9 and s?
3
Suppose -4*l + 783 = -3*m, 0 = -4*l - m - 2*m + 801. What is the highest common divisor of l and 22?
22
Suppose -c - 139 = -4*b, 25 = 4*c + 5. Let j(k) = k**2 - 3*k + 5. Let h be j(4). What is the highest common factor of h and b?
9
Let m(q) = -q**3 + 10*q**2 - 9*q + 7. Let u be m(8). Calculate the greatest common divisor of u and 9.
9
Suppose -2 = 4*a + 22. Let t be ((-231)/(-18))/(-7)*a. What is the highest common divisor of t and 99?
11
Suppose 0 = -16*i + 13*i - 90. Let g = i + 70. Suppose 4*o - 3*o - 5 = 0. What is the greatest common factor of o and g?
5
Suppose -996 + 65 = -5*d + 2*a, d + 2*a - 191 = 0. What is the highest common factor of 17 and d?
17
Suppose 5*l - 16 + 1 = 0. Let y(g) = -g. Let o(m) = m + 3. Let n(t) = o(t) + 2*y(t). Let x be n(-9). Calculate the highest common divisor of x and l.
3
Suppose 3*d = 6*d - 12. Suppose 5*c = z + 4*z - 10, -2*c + 38 = d*z. Calculate the highest common factor of z and 28.
7
Let g(k) = k**2 - 7*k + 2. Let v be g(7). Suppose 6*h = v*h + 4*o - 16, o - 5 = 0. Calculate the highest common factor of h and 5.
1
Let o = -46 - -56. Calculate the highest common factor of 40 and o.
10
Let t(l) = 4*l**2 - 6*l - 8. Let s be t(6). Calculate the greatest common factor of s and 25.
25
Let h(z) = -2*z - 6. Let d be h(-5). Let c(i) = i**3 - 15*i**2 + 3*i - 13. Let y be c(15). Calculate the highest common factor of y and d.
4
Suppose -5*m + v = 6*v - 40, 3*v = m - 24. What is the highest common factor of m and 4?
4
Let f be ((-39)/(-26))/(3/160). Suppose -3*d + 32 = -d. What is the greatest common divisor of f and d?
16
Let j = 85 - 